 and h?
6
Let x = -2 + 32. Suppose -162 = -6*m + 4*m + 4*y, -2*m + 135 = 5*y. What is the greatest common factor of m and x?
15
Suppose q = -2*q + 6. Suppose 0 = -q*u - 5*j + 224, 3*u - 347 = -0*u - 2*j. What is the greatest common factor of u and 13?
13
Let p(b) = 5*b + 14. Let k(z) = 9*z + 27. Let s(x) = -6*k(x) + 11*p(x). Let d be s(11). Calculate the highest common divisor of 33 and d.
3
Suppose -17 = l - 4*b, 2*l + 5*b = 4*l + 22. Let k(x) = -29*x**3 + 2*x**2 + 2*x + 1. Let f be k(l). What is the highest common factor of 45 and f?
15
Suppose 0 = 3*t + 2*v + 269, 266 = -3*t - 0*v + v. Let i = t - -166. Let r be 0/(1 - -1) - -7. What is the highest common divisor of i and r?
7
Suppose -5*h + 4*o = -901, 3*h - 38 = 4*o + 509. Let r = h + -23. Calculate the highest common divisor of 14 and r.
14
Let j be (-4)/6 - (-340)/6. Let z(m) = -15*m - 3*m**2 + 22*m + 4 - m**3 + 7*m**2. Let v be z(5). What is the greatest common divisor of j and v?
14
Suppose 12 = 4*v - 2*d, -5*v + d = -5 - 10. Suppose 3*q + v*q - 18 = 0. What is the highest common factor of 2 and q?
1
Let r(u) = -45*u - 18. Let j(y) = -15*y - 6. Let k(z) = 8*j(z) - 3*r(z). Let i be k(5). What is the highest common divisor of 9 and i?
9
Let m = -3 - -5. Calculate the greatest common factor of 6 and m.
2
Suppose 2*m - 4*s - 320 = -m, -418 = -4*m + s. Calculate the greatest common divisor of m and 13.
13
Suppose -5*p = 2*f - 180, 0 = -4*p + 3*p + 5*f + 36. Calculate the highest common divisor of p and 4.
4
Let d = 77 - 140. Let u = -43 - d. Let h be (1 + -3)*(0 - 25). Calculate the highest common divisor of h and u.
10
Let u = -99 + 171. Suppose -11*a + 7*a + u = 0. What is the greatest common factor of 9 and a?
9
Suppose -4*w = 3*u + w - 12, -u - w + 2 = 0. Let m be 4/(((-5)/2)/(-5)). Let n = m - u. What is the greatest common factor of n and 9?
9
Let a be -2 - (4/(-22) + (-304)/22). Calculate the highest common factor of 15 and a.
3
Suppose -3*s + 3 + 2 = -4*w, 4 = s + w. Suppose -8*r + s*r = -130. What is the greatest common factor of r and 13?
13
Suppose 0 = -3*j + 2*f + 12, -4*j + 16 = f - 11. Calculate the greatest common factor of 21 and j.
3
Let x(y) = -4*y**2 + 38 + 0*y**2 + 10 + 5*y**2 - y**3. Suppose 6*p = p. Let i be x(p). What is the greatest common divisor of i and 16?
16
Let q(w) = w**3 - 3*w**2 - 5*w - 1. Suppose -5*p + p = 16. Let o be q(p). Let x = o + 189. Calculate the greatest common factor of 24 and x.
24
Suppose -2*y = 4*q - 144, 0 = -4*q - 3*y + 4*y + 138. Suppose -2*l - 9 = -q. Calculate the greatest common divisor of 104 and l.
13
Suppose -3*t + 44 + 112 = 0. Calculate the highest common divisor of t and 78.
26
Suppose 0 = 3*j, 2*d = 4*j + 49 - 1. What is the greatest common factor of 3 and d?
3
Let k(z) = -z - 4. Let v be k(5). Let q(m) = -m**3 - 7*m**2 + 12*m + 1. Let a be q(v). Calculate the greatest common divisor of 5 and a.
5
Suppose -2*j + 6 + 18 = 0. What is the greatest common divisor of 60 and j?
12
Let f(r) be the third derivative of -r**4/24 + 7*r**3/3 + 3*r**2. Let s be f(-10). Calculate the highest common divisor of s and 6.
6
Let f(g) = -g**2 - g + 29. Let m be f(0). What is the highest common divisor of 58 and m?
29
Let o(t) = -t**2 - 6*t - 2. Let j be o(-4). Suppose 3*q - 32 - 28 = 0. Let b be (q/15)/((-2)/(-63)). What is the highest common factor of b and j?
6
Suppose 16 = 3*j - 122. Let d(z) = -3*z**3 + 5*z**2 + 4*z + 1. Let f be d(-3). What is the highest common factor of f and j?
23
Let p = -19 - -39. What is the highest common factor of 70 and p?
10
Let u be ((-27)/9)/((-1)/5). What is the greatest common factor of 15 and u?
15
Let q(s) = -s - 1. Let k be q(-14). Suppose 72 = -2*m - h + 16, -3*h = 0. Let i = -2 - m. What is the highest common divisor of i and k?
13
Let g be 28/3 + 6/9. Let j = 14 - g. Calculate the greatest common divisor of j and 36.
4
Let o(x) = x**2 - 8*x + 8. Let i be o(7). What is the highest common divisor of 5 and i?
1
Let b = -13 + -8. Let f = b - -39. Calculate the highest common factor of f and 72.
18
Suppose q - 2 = 2*q, -5*d + 132 = -q. Suppose 3*a = x - 68, -2*x = -4*x + 5*a + 135. Calculate the greatest common factor of x and d.
13
Let z = 4 - -51. Suppose 3*i = -4*l + 27, -2*l - 13 = -5*i + 2*l. Calculate the greatest common factor of i and z.
5
Suppose m + 6*v - 2*v = 76, -2*v = -4*m + 286. Let f be (108/8)/((-2)/(-4)). Suppose 2*t - f = -t. Calculate the greatest common divisor of m and t.
9
Let g(s) = s + 11. Let m be g(-4). Suppose 0*r + 3 = 3*r. Let o = r + m. Calculate the greatest common divisor of o and 40.
8
Let m = 18 - 6. Let w be -1*1/(-2)*m. Calculate the highest common factor of 24 and w.
6
Let t be 165/(-5)*(-1)/(-3). Let l = t - -18. What is the greatest common divisor of l and 7?
7
Suppose -2*j = -1 - 3. Suppose 2*i - 30 = -j*t, 3*t - 4*t + i + 5 = 0. What is the highest common factor of t and 5?
5
Suppose -z + 20 = 4*z. Suppose -5 = -z*j - 17, 15 = 3*k + 2*j. What is the greatest common divisor of 1 and k?
1
Let o be (-4)/(-10)*(-2 - -7). Suppose -2*f = -4*x + 2 + 10, 3*f = -o*x - 18. Let c = 18 - f. What is the greatest common divisor of 6 and c?
6
Suppose 5*n - n - 52 = x, -n - x + 18 = 0. Calculate the greatest common factor of 140 and n.
14
Suppose 17*q - 117 = 87. Calculate the greatest common factor of q and 108.
12
Let h(o) = o + 10. Let l be h(-8). Let t be (-6)/(l/(-9) - 0). What is the greatest common divisor of 3 and t?
3
Let c be ((-2)/4)/((-1)/6). Let p(k) = -k**2 + 7*k - 1. Let t be p(c). Calculate the highest common factor of t and 77.
11
Let s be ((-36)/15)/(2/(-5)). Suppose 10*o = s*o - 52. Let q = o - -22. Calculate the highest common factor of q and 45.
9
Suppose -58*h + 57*h + 15 = 0. Calculate the highest common factor of h and 195.
15
Suppose 0 = -5*i + 8 + 17. Suppose i*w - 14 = -44. Let k be w/((-62)/(-66) + -1). What is the greatest common divisor of k and 9?
9
Suppose 5*m - 50 = l + 2*l, m - 38 = -5*l. Let y = -49 - -88. What is the greatest common factor of y and m?
13
Suppose 22 - 66 = 4*a. Let r = 19 + a. Calculate the highest common factor of 88 and r.
8
Let o be (10 + -29)*(2 + -3). What is the greatest common factor of 209 and o?
19
Let p(f) = -f**3 - 8*f**2 - 8*f - 5. Let w be p(-7). Suppose -3*z + 4*b - 9 - w = 0, z = b - 2. What is the highest common divisor of 27 and z?
3
Suppose 0 = 2*p, 5*i - p = 2*p + 90. Calculate the highest common factor of 162 and i.
18
Let d = 14 + 16. What is the greatest common factor of d and 20?
10
Suppose 0 = 3*q - q - 6. Suppose 0 = p - 4*v - 146, -q*p + 248 = 3*v - 220. Calculate the greatest common factor of p and 14.
14
Suppose -3*u + 720 = 13*u. Calculate the greatest common factor of u and 30.
15
Suppose 0 = -x + 5*z - 21, -4*x - 2*z - 12 = -x. Let n(a) = -5*a - 2. Let b be n(x). Let d = b + -13. What is the highest common factor of d and 15?
15
Suppose 3*l + 5*n = 27, n + 3 = 6. Suppose -q = q + l*a - 24, 4*a - 14 = 3*q. Calculate the highest common factor of q and 18.
2
Suppose -4*i - 2 = -38. Let s be 36 - 3/i*3. What is the greatest common factor of 7 and s?
7
Suppose -4*i - 4*u = -4, 4*u + 13 + 8 = i. What is the greatest common factor of i and 10?
5
Suppose -3*z + z + 25 = 3*m, -3*z - 4*m + 37 = 0. Let f(y) = -y**3 - 7*y**2 - 7*y + 1. Let p be f(-8). Calculate the highest common divisor of z and p.
11
Suppose -3 = -5*l + 32. Let k(b) = 13*b**2 + b. Let r be k(-1). Let n be (42/8)/(r/64). Calculate the greatest common divisor of l and n.
7
Let f be 4 - 2 - 2 - -98. Let t be -3*((-70)/3)/5. Calculate the greatest common divisor of t and f.
14
Suppose 0 = 5*f, -2*f - 35 = -v + f. What is the highest common divisor of v and 14?
7
Let v = 18 - 13. Suppose 28 = -4*k - v*c - 5, 3 = -4*k + c. Let f(j) = -j**3 + 2*j + 2. Let z be f(k). What is the greatest common divisor of 4 and z?
2
Let m be (-584)/(-9) - 9/(-81). Calculate the highest common factor of m and 13.
13
Suppose 3*w - 4*d = 16, -5*d + 3 = 3*w - 4. Suppose w*g - 14 = 2*b, -2*b - b - 6 = -3*g. Let c be (4/3)/(b/54). Calculate the greatest common factor of c and 3.
3
Suppose 4*z + 3 = -9. Let k be (-6)/(-27)*3*z. Let n be 1/(42/(-22) - k). Calculate the greatest common divisor of 55 and n.
11
Suppose 0 = -4*w - 4*n - 5 - 7, 0 = -w + 3*n + 9. Let p = w - -14. S